et f be (-160)/25*(-660)/8. Let c = -508 + f. What is the remainder when 336 is divided by c?
16
Let o = 719 - 364. Suppose -2*r = 5*t - 139, -7*r + o = -2*r + 5*t. What is the remainder when r is divided by 20?
12
Suppose -5*p - 188 + 978 = 0. Let y be -4 + (-18996)/(-54) + 4/18. Let c = y - 316. What is the remainder when p is divided by c?
30
What is the remainder when 897 is divided by 868/372 - 53/(-3)?
17
Let r(n) = -n**2 - 9*n - 7. Let g(c) = 9*c**2 - 113*c + 715. Calculate the remainder when g(6) is divided by r(-6).
9
Let k = -290 + 314. Suppose -m = 3*r - k, -2*r - 105 = 3*m - 6*m. Calculate the remainder when m is divided by 2/((-1)/((-19)/2)).
14
What is the remainder when ((-408)/(-5) - (-9)/(-15))*1 is divided by 48/18 + -2 - (-170)/15?
9
Let d(t) = 24*t**3 - 2*t**2 + 3*t - 1. Suppose 39*a = 44*a - 5. Let l be d(a). Suppose 9*x = l + 48. What is the remainder when 14 is divided by x?
6
Suppose -2*o + 376 + 28 = -3*z, 4*o = -3*z - 380. Let c = 64 + z. Let s = c + 71. What is the remainder when 6 is divided by s?
0
Let t = -258 + 155. Let k = t + 113. Suppose v = -k*v + 770. What is the remainder when v is divided by 12?
10
Let l(s) = -s**2 + 15*s - 9. Suppose -4*u + 21 = -3. Let n = 22525 + -22502. Calculate the remainder when l(u) is divided by n.
22
Let k(u) = -5*u**2 - 6*u + 4. Let i(b) = 11*b**2 + 11*b - 8. Let x(y) = -3*i(y) - 7*k(y). Calculate the remainder when x(-6) is divided by 8.
6
Let n(g) = -73*g - 110. Suppose 0 = -2*p - 0*p - 378. Let v = -119 - p. Calculate the remainder when v is divided by n(-2).
34
Let m(c) = -27*c**3 + 2*c**2 + 5*c + 3. Let h be m(-2). Suppose -4*y + 5*d + h = 0, 3*d = -0 - 15. Calculate the remainder when y is divided by 10.
8
Let j(y) be the third derivative of y**4/24 + 20*y**3/3 - 71*y**2. What is the remainder when 153 is divided by j(-9)?
29
Let o = -3256 + 3612. What is the remainder when o is divided by 204?
152
Calculate the remainder when 1265 is divided by (12/(-42))/(3250/(-406) + 8).
47
Suppose 31*f + 108 = 4*f. What is the remainder when f/(-3)*(-4023)/(-18) is divided by 20?
18
Let m(c) = c**3 + 16*c**2 + 5. Let a be m(-16). Suppose l - n = 12, -5*l - 3*n + 54 = -a*n. Calculate the remainder when 16 is divided by l.
6
Let n(t) = -13*t + 2 - 14 + 8 + 1. Let c be n(2). Let m = c + 40. Calculate the remainder when 19 is divided by m.
8
Let r = -194 + 201. Let s(c) = c**2 + 7*c - 94. Calculate the remainder when 4 is divided by s(r).
0
Let u = 145 + -139. What is the remainder when 71 is divided by u/16 - 1545/(-40)?
32
Suppose -21*p + 2*p = 4997. Let y = p - -283. What is the remainder when 1737 is divided by y?
17
Let g = 1783 + -1674. Calculate the remainder when 326 is divided by g.
108
Let j(w) be the second derivative of w**4/2 - w**3/2 - 5*w**2/2 - 49*w. Calculate the remainder when 119 is divided by j(3).
39
Let p(v) = -4*v**3 - 9*v**2 - 4*v - 16. Let b be p(-4). Suppose w + 4*c - b = 0, -83*w + 86*w = -3*c + 300. Calculate the remainder when w is divided by 50.
46
Let h(u) = 10*u**2 + 138*u - 24. Let c be h(-14). Calculate the remainder when (-8)/20 + (-224)/(-10) is divided by c*(10 + (-93)/12).
4
Let s = 582 - 330. Let q = 1546 - 1482. Calculate the remainder when s is divided by q.
60
Suppose 44*b = 4*i + 41*b + 34, 5*b + 30 = -2*i. Let o(p) = -3*p**3 - 32*p**2 - 21*p + 9. What is the remainder when 170 is divided by o(i)?
18
Suppose -16 = 4*w + 2*r, 6*w + 4*r = 2*w - 20. Calculate the remainder when w/4 + 31725/60 is divided by 53.
51
Suppose 0*z = -4*z + 1288. Let s = -23698 + 23752. Calculate the remainder when z is divided by s.
52
Suppose 0 = -a - 1 + 2. Let v be ((-42)/63)/(a/(9/2)). Calculate the remainder when 127 is divided by (1 + -1 - (40 - v))*-1.
41
Suppose -5*b + b + 5*s - 249 = 0, -3*b + 4*s - 187 = 0. Let k = b + 61. Calculate the remainder when 107 is divided by (22/(-1 + k))/((-8)/20).
52
Suppose -8*v + 100 = 2*v. Suppose 0*y - 2*y - m + 87 = 0, 0 = -5*y + 5*m + 210. Calculate the remainder when y is divided by (92/v)/((8/(-10))/(-2)).
20
Let w = -166 - -250. Let t = w - 84. Suppose -5*d + 17 + 18 = t. What is the remainder when 40 is divided by d?
5
What is the remainder when 570 is divided by (-7)/(-14)*(-18 + 66)?
18
Let y(u) = -101*u - 5788. Calculate the remainder when 959 is divided by y(-58).
49
Suppose 3*g - 1908 + 1557 = 0. Calculate the remainder when 375 is divided by g.
24
Calculate the remainder when (647064/(-77))/(-12) + 2/(-7) is divided by 346.
8
Suppose -6*w - 28 = 8. Let f be 14 + w/((-2)/1). Let d(t) = -t**2 + 18*t + 4. What is the remainder when d(f) is divided by 8?
5
Let o(q) = q**2 - 20*q - 16. Let z be o(21). Suppose z*t = -0*t. Suppose -v + 5 = -t. What is the remainder when 22 is divided by v?
2
Let o(c) = c**3 - 6*c**2 - 52*c + 351. Let h = -24 + 95. What is the remainder when h is divided by o(7)?
35
Suppose -5*f - 4*n = 27, -2*f + 3*n = f. Let i be 4/(-3)*f + (388 - -18). Suppose 2*a + i = 12*a. What is the remainder when a is divided by 22?
19
Suppose -9 = -3*j + 3. Suppose -4*t - 84 = -7*t. Calculate the remainder when t is divided by (-20)/j*-3 - -1.
12
Suppose 4 = 4*c + 28, 2*w - 4030 = -2*c. What is the remainder when w is divided by 22?
19
Let b be -15 - -17 - (78 + 0). Let i = 24 - b. Suppose 4*o - i = -o. Calculate the remainder when 97 is divided by o.
17
Suppose 48 = 2*i - 276. Calculate the remainder when i is divided by 22.
8
Suppose 0 = -2*u - 100 - 16. Let n = u - -62. What is the remainder when ((-1)/2)/((-3)/36) is divided by n?
2
Let j = 156 + -150. Calculate the remainder when (24/(-8))/(j/(-230)) is divided by 17.
13
Suppose -266 = 28*b - 910. Calculate the remainder when 135 is divided by b.
20
Let m = 25164 - 23377. Calculate the remainder when m is divided by 890.
7
Let m(a) = -a**3 - 9*a**2 - 9*a + 11. Let d be m(-10). Suppose 222 = 7*n + 887. Let j = n + d. Calculate the remainder when j is divided by 22.
18
Let j be -1 + 3 - (-5)/(10/418). Let h = -194 + j. Calculate the remainder when 62 is divided by h.
11
Suppose 4*o + 3*o - 756 = 0. Suppose 0*w = 2*w + 2*b - 114, -2*w + 114 = -5*b. What is the remainder when o is divided by w?
51
Suppose -2*u = -5*p, -2*u + 6 = 3*p - 10. Suppose 0 = 5*f + p*j - 210, -f = 4*j - 38 - 4. Calculate the remainder when f is divided by 15.
12
Suppose -76*l - 416 = -92*l. Calculate the remainder when 855 is divided by l.
23
Suppose 101*r + 198*r - 200330 = 0. What is the remainder when 697 is divided by r?
27
Let g(u) = u**3 - 7*u**2 - 92*u + 682. What is the remainder when g(10) is divided by 43?
19
Let v = 2919 - 2752. What is the remainder when 1656 is divided by v?
153
Let z = -823 - -825. Suppose 52 = 7*q - 3*q. Calculate the remainder when (-3 + -465)/(-4) - z is divided by q.
11
Let i = -61 + 56. What is the remainder when ((-510)/i)/((-9)/(-24)) is divided by 21?
20
What is the remainder when (4911 - -10)/7 + (-5)/(15/(-12)) is divided by 353?
1
Let w(f) = 14*f + 1119. What is the remainder when w(-22) is divided by 39?
31
Suppose -4*a - 1300 = -4*b, -6*b = -3*b + 2*a - 990. Suppose -4*s = -4*c - b, 2*s + 2*c = -2*s + 358. What is the remainder when s is divided by 24?
15
Let r(c) = 2*c**2 - 54*c - 1784. Calculate the remainder when r(66) is divided by 37.
34
Let m(s) = 112*s + 2529. Suppose -2*g - 1028 = -6*g. What is the remainder when g is divided by m(-22)?
62
Let l(q) be the third derivative of q**6/120 - 5*q**5/12 + 25*q**4/24 - 19*q**3/6 - 46*q**2. Let u = 5 - 2. Calculate the remainder when l(24) is divided by u.
2
Let u = -7710 - -7895. Calculate the remainder when 674 is divided by u.
119
Let i = -5052 - -5286. Calculate the remainder when 932 is divided by i.
230
Suppose -3*c = -3*k + 72, k + 4*c = 45 + 4. Suppose 2*y - 9*y + 1603 = 0. What is the remainder when y is divided by k?
26
Let c(w) be the first derivative of 7*w**2/2 + 33*w - 436. Let h = -148 + 246. Calculate the remainder when h is divided by c(0).
32
Let x(g) = 16*g - 1. Suppose 25*v = 21*v + 192. Suppose -v = 4*p - 12*p. What is the remainder when x(1) is divided by p?
3
Suppose 0 = 163*k - 162*k - 7. Calculate the remainder when 76 is divided by k.
6
What is the remainder when 206/(-927) + (-47260)/(-126) - 1/(-7) is divided by 107?
54
Let o = 26 + 8. Suppose -h = -5, -3*h - o + 20